of 3202688171?
2
What is the millions digit of 53860753?
3
What is the millions digit of 255258609?
5
What is the units digit of 148497243?
3
What is the hundred millions digit of 3154910118?
1
What is the ten thousands digit of 8479085742?
8
What is the billions digit of 2519331033?
2
What is the hundreds digit of 19018351?
3
What is the hundreds digit of 474895327?
3
What is the hundred thousands digit of 38712831?
7
What is the tens digit of 333100567?
6
What is the millions digit of 73657637?
3
What is the ten thousands digit of 53192917?
9
What is the hundred millions digit of 619156898?
6
What is the ten millions digit of 13860587?
1
What is the units digit of 968391643?
3
What is the ten millions digit of 1293517049?
9
What is the thousands digit of 870207931?
7
What is the millions digit of 22642905?
2
What is the ten thousands digit of 100198015?
9
What is the hundred millions digit of 5234131097?
2
What is the hundred millions digit of 597763300?
5
What is the units digit of 4045074?
4
What is the hundred thousands digit of 566682633?
6
What is the units digit of 876270405?
5
What is the thousands digit of 1187469672?
9
What is the hundreds digit of 1258665223?
2
What is the tens digit of 373080390?
9
What is the hundred thousands digit of 7114102869?
1
What is the millions digit of 3092216279?
2
What is the hundred thousands digit of 82562585?
5
What is the hundred thousands digit of 1344268214?
2
What is the hundred millions digit of 235870956?
2
What is the millions digit of 5284511?
5
What is the hundreds digit of 56689373?
3
What is the units digit of 837978375?
5
What is the units digit of 8120195010?
0
What is the tens digit of 441425360?
6
What is the tens digit of 374879599?
9
What is the thousands digit of 204231550?
1
What is the billions digit of 1866303400?
1
What is the millions digit of 49463024?
9
What is the ten thousands digit of 18121042?
2
What is the ten thousands digit of 1381719774?
1
What is the tens digit of 65967358?
5
What is the ten millions digit of 1913665294?
1
What is the thousands digit of 31248807?
8
What is the ten thousands digit of 1583439580?
3
What is the hundred thousands digit of 1718541049?
5
What is the hundred millions digit of 4058137536?
0
What is the millions digit of 2176149431?
6
What is the millions digit of 185803617?
5
What is the hundreds digit of 12243134?
1
What is the ten thousands digit of 2091671893?
7
What is the hundreds digit of 33692143?
1
What is the hundreds digit of 26858804?
8
What is the tens digit of 62659140?
4
What is the hundreds digit of 2388693631?
6
What is the millions digit of 24265779?
4
What is the tens digit of 1530942718?
1
What is the ten thousands digit of 346984190?
8
What is the thousands digit of 6746066?
6
What is the thousands digit of 135015812?
5
What is the thousands digit of 3065450526?
0
What is the tens digit of 1251567393?
9
What is the thousands digit of 1249131543?
1
What is the millions digit of 76431628?
6
What is the thousands digit of 166507650?
7
What is the tens digit of 177708404?
0
What is the billions digit of 1066357641?
1
What is the units digit of 260210501?
1
What is the millions digit of 2360612?
2
What is the tens digit of 387406225?
2
What is the tens digit of 723576656?
5
What is the tens digit of 128882967?
6
What is the tens digit of 436810330?
3
What is the millions digit of 243557618?
3
What is the units digit of 868614994?
4
What is the hundred thousands digit of 225649722?
6
What is the hundred millions digit of 712563871?
7
What is the tens digit of 149878116?
1
What is the hundred thousands digit of 619159670?
1
What is the hundred millions digit of 270066004?
2
What is the hundred millions digit of 1310873645?
3
What is the hundreds digit of 3211806808?
8
What is the ten thousands digit of 1608056210?
5
What is the hundreds digit of 31321535?
5
What is the tens digit of 110348966?
6
What is the ten millions digit of 2255716953?
5
What is the ten millions digit of 25450453?
2
What is the thousands digit of 575301247?
1
What is the units digit of 24990114?
4
What is the millions digit of 158048075?
8
What is the ten thousands digit of 950792871?
9
What is the units digit of 5327669076?
6
What is the units digit of 494632017?
7
What is the units digit of 257202135?
5
What is the ten millions digit of 489363694?
8
What is the units digit of 901420218?
8
What is the hundred thousands digit of 790519423?
5
What is the ten millions digit of 2938536802?
3
What is the hundred millions digit of 2280732690?
2
What is the units digit of 3770693?
3
What is the hundred thousands digit of 507354588?
3
What is the tens digit of 1419094449?
4
What is the thousands digit of 52159637?
9
What is the thousands digit of 162385393?
5
What is the millions digit of 3118702844?
8
What is the millions digit of 113798876?
3
What is the hundreds digit of 158496089?
0
What is the tens digit of 875209354?
5
What is the hundred thousands digit of 2147401672?
4
What is the tens digit of 46284079?
7
What is the thousands digit of 320363364?
3
What is the hundreds digit of 1597895293?
2
What is the millions digit of 929718471?
9
What is the billions digit of 1467279969?
1
What is the thousands digit of 974011442?
1
What is the tens digit of 58555621?
2
What is the thousands digit of 2930743561?
3
What is the hundred millions digit of 126829936?
1
What is the millions digit of 17582855?
7
What is the hundred millions digit of 591312041?
5
What is the ten thousands digit of 2711470911?
7
What is the units digit of 59022972?
2
What is the ten millions digit of 454483105?
5
What is the units digit of 623365011?
1
What is the ten millions digit of 26489861?
2
What is the thousands digit of 210995706?
5
What is the thousands digit of 100354097?
4
What is the thousands digit of 33239205?
9
What is the ten millions digit of 32947287?
3
What is the ten thousands digit of 44370200?
7
What is the ten millions digit of 71080435?
7
What is the billions digit of 1030617615?
1
What is the units digit of 8081144?
4
What is the ten millions digit of 183074148?
8
What is the ten millions digit of 13064867?
1
What is the billions digit of 2127493150?
2
What is the hundred thousands digit of 1148557032?
5
What is the units digit of 122848351?
1
What is the hundred millions digit of 1191572362?
1
What is the thousands digit of 48858607?
8
What is the units digit of 40256213?
3
What is the thousands digit of 4944003603?
3
What is the units digit of 115369334?
4
What is the thousands digit of 48542589?
2
What is the millions digit of 20506269?
0
What is the millions digit of 316767509?
6
What is the ten thousands digit of 59785554?
8
What is the hundreds digit of 1252135419?
4
What is the ten thousands digit of 10390992?
9
What is the ten thousands digit of 129535367?
3
What is the ten millions digit of 26693218?
2
What is the hundred millions digit of 2078881196?
0
What is the ten millions digit of 239580855?
3
What is the ten thousands digit of 284761736?
6
What is the ten millions digit of 839864914?
3
What is the hundreds digit of 212401773?
7
What is the units digit of 1685456281?
1
What is the units digit of 125575200?
0
What is the millions digit of 26750354?
6
What is the ten thousands digit of 576342202?
4
What is the hundreds digit of 102598873?
8
What is the tens digit of 169823417?
1
What is the ten thousands digit of 216757513?
5
What is the hundreds digit of 46899558?
5
What is the billions digit of 1990282006?
1
What is the ten millions digit of 137063553?
3
What is the ten millions digit of 407708210?
0
What is the units digit of 45798946?
6
What is the ten millions digit of 16762175?
1
What is the ten thousands digit of 965730735?
3
What is the hundred thousands digit of 988990466?
9
What is the millions digit of 6282859?
6
What is the millions digit of 1577924753?
7
What is the hundreds digit of 77607164?
1
What is the tens digit of 1826433579?
7
What is the hundreds digit of 1724155038?
0
What is the ten thousands digit of 900390338?
9
What is the hundred millions digit of 386768147?
3
What is the ten thousands digit of 296279250?
7
What is the units digit of 6133011?
1
What is the hundred thousands digit of 42746965?
7
What is the hundred thousan